{"id":10992,"date":"2023-10-26T12:14:45","date_gmt":"2023-10-26T10:14:45","guid":{"rendered":"https:\/\/jacekplacek.com.pl\/?post_type=product&#038;p=10992"},"modified":"2025-11-18T18:30:48","modified_gmt":"2025-11-18T17:30:48","slug":"salt-kola-kaka","status":"publish","type":"product","link":"https:\/\/jacekplacek.com.pl\/sv\/lagra\/torty_i_desery\/kakor-2\/salt-kola-kaka\/","title":{"rendered":"Salt kolat\u00e5rta"},"content":{"rendered":"<p><span style=\"font-weight: 400;\"><strong>Vi presenterar Salted Caramel Cake, som kombinerar en unik gr\u00e4ddmousse med delikat saltad kola.<\/strong> <\/span>Det \u00e4r en kombination av smaker som skapar en ovanlig och \u00f6verraskande kontrast. Insidan av t\u00e5rtan \u00e4r dekorerad med krispiga kolajordn\u00f6tter, och den franska &quot;Dulce de Leche&quot;-dekorationen och karamellpopcorn \u00e4r en unik kulmination p\u00e5 denna l\u00e4ckra t\u00e5rta. Det \u00e4r ett s\u00f6tt och salt paradis f\u00f6r gourmeter.<\/p>\n<p><strong>Njut av smaken av Salted Caramel Cake med oss!<\/strong><\/p>\n<p><span style=\"font-weight: 400;\">Vi uppmuntrar dig att best\u00e4lla en t\u00e5rta i form av en g\u00e5va, med den utvalda <\/span><b>gratulationskort<\/b><span style=\"font-weight: 400;\"> och matchande <\/span><b>ljus<\/b><span style=\"font-weight: 400;\">.<\/span><\/p>","protected":false},"excerpt":{"rendered":"<p><span data-sheets-root=\"1\">Kr\u00e4mig vaniljs\u00e5s med saltad kola, ett lager karamelliserade n\u00f6tter och en dekoration av Dulce de Leche och popcorn.<\/span><\/p>","protected":false},"featured_media":11007,"comment_status":"closed","ping_status":"closed","template":"","meta":{"content-type":""},"product_brand":[],"product_cat":[123],"product_tag":[166,176,730,733,760,731,732,734],"class_list":{"0":"post-10992","1":"product","2":"type-product","3":"status-publish","4":"has-post-thumbnail","6":"product_cat-torty","7":"product_tag-tort","8":"product_tag-tort-czekoladowy","9":"product_tag-tort-na-urodziny","10":"product_tag-tort-naturalny","11":"product_tag-tort-slony-karmel","12":"product_tag-tort-urodzinowy","13":"product_tag-torty-naturalne","14":"product_tag-zdrowy-sklad","16":"entry","17":"has-media","19":"first","20":"instock","21":"shipping-taxable","22":"product-type-variable","23":"has-default-attributes","24":"has-product-nav","25":"col","26":"span_1_of_4","27":"owp-content-center","28":"owp-thumbs-layout-horizontal","29":"owp-btn-normal","30":"owp-tabs-layout-horizontal"},"acf":[],"_links":{"self":[{"href":"https:\/\/jacekplacek.com.pl\/sv\/wp-json\/wp\/v2\/product\/10992","targetHints":{"allow":["GET"]}}],"collection":[{"href":"https:\/\/jacekplacek.com.pl\/sv\/wp-json\/wp\/v2\/product"}],"about":[{"href":"https:\/\/jacekplacek.com.pl\/sv\/wp-json\/wp\/v2\/types\/product"}],"replies":[{"embeddable":true,"href":"https:\/\/jacekplacek.com.pl\/sv\/wp-json\/wp\/v2\/comments?post=10992"}],"wp:featuredmedia":[{"embeddable":true,"href":"https:\/\/jacekplacek.com.pl\/sv\/wp-json\/wp\/v2\/media\/11007"}],"wp:attachment":[{"href":"https:\/\/jacekplacek.com.pl\/sv\/wp-json\/wp\/v2\/media?parent=10992"}],"wp:term":[{"taxonomy":"product_brand","embeddable":true,"href":"https:\/\/jacekplacek.com.pl\/sv\/wp-json\/wp\/v2\/product_brand?post=10992"},{"taxonomy":"product_cat","embeddable":true,"href":"https:\/\/jacekplacek.com.pl\/sv\/wp-json\/wp\/v2\/product_cat?post=10992"},{"taxonomy":"product_tag","embeddable":true,"href":"https:\/\/jacekplacek.com.pl\/sv\/wp-json\/wp\/v2\/product_tag?post=10992"}],"curies":[{"name":"wp","href":"https:\/\/api.w.org\/{rel}","templated":true}]}}

Salt kolatårta

<p><span style="font-weight: 400;"><strong>Vi presenterar Salted Caramel Cake, som kombinerar en unik gräddmousse med delikat saltad kola.</strong> </span>Det är en kombination av smaker som skapar en ovanlig och överraskande kontrast. Insidan av tårtan är dekorerad med krispiga kolajordnötter, och den franska &quot;Dulce de Leche&quot;-dekorationen och karamellpopcorn är en unik kulmination på denna läckra tårta. Det är ett sött och salt paradis för gourmeter.</p>
<p><strong>Njut av smaken av Salted Caramel Cake med oss!</strong></p>
<p><span style="font-weight: 400;">Vi uppmuntrar dig att beställa en tårta i form av en gåva, med den utvalda </span><b>gratulationskort</b><span style="font-weight: 400;"> och matchande </span><b>ljus</b><span style="font-weight: 400;">.</span></p>

<p><span data-sheets-root="1">Krämig vaniljsås med saltad kola, ett lager karamelliserade nötter och en dekoration av Dulce de Leche och popcorn.</span></p>
