{"id":3996,"date":"2021-12-08T15:49:40","date_gmt":"2021-12-08T14:49:40","guid":{"rendered":"https:\/\/jacekplacek.com.pl\/?post_type=product&#038;p=3996"},"modified":"2025-11-18T18:27:20","modified_gmt":"2025-11-18T17:27:20","slug":"albero-di-natale-di-pan-di-zenzero","status":"publish","type":"product","link":"https:\/\/jacekplacek.com.pl\/it\/negozio\/babki-i-makowce\/albero-di-natale-di-pan-di-zenzero\/","title":{"rendered":"Pan di zenzero dell&#039;albero di Natale"},"content":{"rendered":"<h1>Le vacanze: un periodo di sapori e tradizioni uniche<\/h1>\n<p>Il Natale \u00e8 il momento in cui ci incontriamo con la famiglia, decoriamo l&#039;albero di Natale e gustiamo deliziosi prodotti da forno tradizionali. Il profumo delle spezie, della cannella e del miele ci accompagna durante le preparazioni, creando un&#039;atmosfera indimenticabile.<\/p>\n<h2>Pan di zenzero \u2013 un elemento inseparabile delle vacanze<\/h2>\n<p>Il pan di zenzero \u00e8 uno dei dolci natalizi pi\u00f9 caratteristici. Da anni dominano le tavole in varie forme: dalle casette di pan di zenzero alle torte aromatiche. Le loro note dolci e speziate si abbinano perfettamente all&#039;atmosfera delle giornate invernali.<\/p>\n<h2>Il nostro pan di zenzero alla zucca a forma di albero di Natale<\/h2>\n<p>Proponiamo pan di zenzero natalizio con zucca a forma di albero di Natale, perfetto per la tavola di Natale. Questa torta piccante \u00e8 stata arricchita con zucca, miele e la nostra miscela di spezie di pan di zenzero. La base di cottura \u00e8 la farina di frumento e di segale, che gli conferisce una struttura unica. Il gusto \u00e8 completato da scorza d&#039;arancia e noci. Il tutto era ricoperto di glassa al cioccolato, che si sposa perfettamente con l&#039;aroma speziato. Il nostro pan di zenzero non solo ha un sapore delizioso, ma fa anche una bella figura sulla tavola di Natale.<\/p>\n<h3>Altri dolci natalizi che vale la pena scegliere<\/h3>\n<p>Cerchi altri dolci natalizi? Ecco i nostri suggerimenti:<\/p>\n<ul>\n<li><strong>Torta vegana ai semi di papavero<\/strong> \u2013 preparato a base di ingredienti vegetali, con massa di semi di papavero e frutta secca.<\/li>\n<li><strong>torta di Natale<\/strong> \u2013 ricco di frutta secca e noci, perfetto per gli amanti dei classici.<\/li>\n<li><strong>Crostata ai mirtilli rossi con cioccolato bianco<\/strong> \u2013 crostata agrodolce su base di avena, con una delicata crema al cioccolato bianco.<\/li>\n<\/ul>\n<p>Ordina i nostri prodotti da forno e goditi il gusto unico che porter\u00e0 un&#039;atmosfera festosa a casa tua. \ud83c\udf84<\/p>\n<p>Troverai altre proposte per il Natale\u00a0<strong><a href=\"https:\/\/jacekplacek.com.pl\/it\/categoria-di-prodotto\/natale-2\/\" target=\"_blank\" rel=\"noopener\">Qui.<\/a><\/strong><\/p>\n<h3>Informazioni sul prodotto:<\/h3>\n<ul>\n<li>Peso circa 250 g.<\/li>\n<li>Confezione: vassoio di carta, pellicola protettiva<\/li>\n<\/ul>","protected":false},"excerpt":{"rendered":"<h1>Pan di zenzero natalizio con zucca a forma di albero di Natale<\/h1>\n<p>Torta piccante con zucca, miele e la nostra miscela di spezie per pan di zenzero, a base di farina di frumento e segale, arricchita con scorza d&#039;arancia e noci. Ricoperto con glassa al cioccolato.<\/p>","protected":false},"featured_media":8249,"comment_status":"closed","ping_status":"closed","template":"","meta":{"content-type":""},"product_brand":[],"product_cat":[907,81],"product_tag":[436,664,99,444,96,446,445,449,91,95,97,98],"class_list":{"0":"post-3996","1":"product","2":"type-product","3":"status-publish","4":"has-post-thumbnail","6":"product_cat-ciasta-swiateczne","7":"product_cat-babki-i-makowce","8":"product_tag-choinka","9":"product_tag-ciasta-na-boze-narodzenie","10":"product_tag-ciasto-swiateczne","11":"product_tag-cukiernia-jacek-placek","12":"product_tag-dzem","13":"product_tag-jacek-placek-gdansk","14":"product_tag-jacek-placek-gowino","15":"product_tag-jacek-placek-sopot","16":"product_tag-orzechy-wloskie","17":"product_tag-piernik","18":"product_tag-piernik-z-dzemem","19":"product_tag-swieta","21":"entry","22":"has-media","24":"first","25":"instock","26":"shipping-taxable","27":"product-type-simple","28":"has-product-nav","29":"col","30":"span_1_of_4","31":"owp-content-center","32":"owp-thumbs-layout-horizontal","33":"owp-btn-normal","34":"owp-tabs-layout-horizontal","35":"has-no-thumbnails"},"acf":[],"_links":{"self":[{"href":"https:\/\/jacekplacek.com.pl\/it\/wp-json\/wp\/v2\/product\/3996","targetHints":{"allow":["GET"]}}],"collection":[{"href":"https:\/\/jacekplacek.com.pl\/it\/wp-json\/wp\/v2\/product"}],"about":[{"href":"https:\/\/jacekplacek.com.pl\/it\/wp-json\/wp\/v2\/types\/product"}],"replies":[{"embeddable":true,"href":"https:\/\/jacekplacek.com.pl\/it\/wp-json\/wp\/v2\/comments?post=3996"}],"wp:featuredmedia":[{"embeddable":true,"href":"https:\/\/jacekplacek.com.pl\/it\/wp-json\/wp\/v2\/media\/8249"}],"wp:attachment":[{"href":"https:\/\/jacekplacek.com.pl\/it\/wp-json\/wp\/v2\/media?parent=3996"}],"wp:term":[{"taxonomy":"product_brand","embeddable":true,"href":"https:\/\/jacekplacek.com.pl\/it\/wp-json\/wp\/v2\/product_brand?post=3996"},{"taxonomy":"product_cat","embeddable":true,"href":"https:\/\/jacekplacek.com.pl\/it\/wp-json\/wp\/v2\/product_cat?post=3996"},{"taxonomy":"product_tag","embeddable":true,"href":"https:\/\/jacekplacek.com.pl\/it\/wp-json\/wp\/v2\/product_tag?post=3996"}],"curies":[{"name":"wp","href":"https:\/\/api.w.org\/{rel}","templated":true}]}}

<h1>Le vacanze: un periodo di sapori e tradizioni uniche</h1>
<p>Il Natale è il momento in cui ci incontriamo con la famiglia, decoriamo l&#039;albero di Natale e gustiamo deliziosi prodotti da forno tradizionali. Il profumo delle spezie, della cannella e del miele ci accompagna durante le preparazioni, creando un&#039;atmosfera indimenticabile.</p>
<h2>Pan di zenzero – un elemento inseparabile delle vacanze</h2>
<p>Il pan di zenzero è uno dei dolci natalizi più caratteristici. Da anni dominano le tavole in varie forme: dalle casette di pan di zenzero alle torte aromatiche. Le loro note dolci e speziate si abbinano perfettamente all&#039;atmosfera delle giornate invernali.</p>
<h2>Il nostro pan di zenzero alla zucca a forma di albero di Natale</h2>
<p>Proponiamo pan di zenzero natalizio con zucca a forma di albero di Natale, perfetto per la tavola di Natale. Questa torta piccante è stata arricchita con zucca, miele e la nostra miscela di spezie di pan di zenzero. La base di cottura è la farina di frumento e di segale, che gli conferisce una struttura unica. Il gusto è completato da scorza d&#039;arancia e noci. Il tutto era ricoperto di glassa al cioccolato, che si sposa perfettamente con l&#039;aroma speziato. Il nostro pan di zenzero non solo ha un sapore delizioso, ma fa anche una bella figura sulla tavola di Natale.</p>
<h3>Altri dolci natalizi che vale la pena scegliere</h3>
<p>Cerchi altri dolci natalizi? Ecco i nostri suggerimenti:</p>
<ul>
<li><strong>Torta vegana ai semi di papavero</strong> – preparato a base di ingredienti vegetali, con massa di semi di papavero e frutta secca.</li>
<li><strong>torta di Natale</strong> – ricco di frutta secca e noci, perfetto per gli amanti dei classici.</li>
<li><strong>Crostata ai mirtilli rossi con cioccolato bianco</strong> – crostata agrodolce su base di avena, con una delicata crema al cioccolato bianco.</li>
</ul>
<p>Ordina i nostri prodotti da forno e goditi il gusto unico che porterà un&#039;atmosfera festosa a casa tua. 🎄</p>
<p>Troverai altre proposte per il Natale <strong><a href="https://jacekplacek.com.pl/it/categoria-di-prodotto/natale-2/" target="_blank" rel="noopener">Qui.</a></strong></p>
<h3>Informazioni sul prodotto:</h3>
<ul>
<li>Peso circa 250 g.</li>
<li>Confezione: vassoio di carta, pellicola protettiva</li>
</ul>
