{"id":11095,"date":"2023-10-27T17:12:25","date_gmt":"2023-10-27T15:12:25","guid":{"rendered":"https:\/\/jacekplacek.com.pl\/?post_type=product&#038;p=11095"},"modified":"2025-11-18T18:30:58","modified_gmt":"2025-11-18T17:30:58","slug":"minikakku-valkosuklaa-3-kpl","status":"publish","type":"product","link":"https:\/\/jacekplacek.com.pl\/fi\/tallentaa\/torty_i_desery\/minijalkiruoat-kahviloihin\/minikakku-valkosuklaa-3-kpl\/","title":{"rendered":"Minikakku valkosuklaa ja vadelmia, 3 kpl"},"content":{"rendered":"<p><b>Iloa aisteille \u2013 kakkumme valkosuklaalla ja vadelmilla!<\/b><\/p>\n<p><span style=\"font-weight: 400;\">T\u00e4m\u00e4 on herkk\u00e4 kermavaahto, jossa yhdistyv\u00e4t kermainen valkoinen suklaa ja mehukkaat vadelmat. T\u00e4m\u00e4 on makuyhdistelm\u00e4, joka ilahduttaa sek\u00e4 makeisten ett\u00e4 hedelmien yst\u00e4v\u00e4\u00e4. Kutsumme sinut l\u00e4mpim\u00e4sti nauttimaan valkosuklaa-vadelman kakun mausta.<\/span><\/p>\n<p><span style=\"font-weight: 400;\">Suosittelemme tilaamaan kakun lahjaksi valitun kanssa <\/span><b>onnittelukortti<\/b><span style=\"font-weight: 400;\"> ja yhteensopivuus <\/span><b>kynttil\u00e4t<\/b><span style=\"font-weight: 400;\">.<\/span><\/p>\n<p>J\u00e4lkiruoka ei vain tyylikk\u00e4ille p\u00f6ydille - t\u00e4ydellinen nimip\u00e4ivien, syntym\u00e4p\u00e4ivien tai muiden juhlien viettoon kotona tai ty\u00f6paikalla...<\/p>\n<p>Tuote saatavilla osoitteessa\u00a0<strong>3 kpl yhteispakkauksessa (3 kpl n. 390g).<\/strong><\/p>","protected":false},"excerpt":{"rendered":"<p><span style=\"font-weight: 400;\">Herkk\u00e4 kermavaahto, jossa yhdistyv\u00e4t kermainen valkoinen suklaa ja mehukkaat vadelmat - makuyhdistelm\u00e4, joka ilahduttaa! <\/span><\/p>\n<p>Tuote saatavilla osoitteessa\u00a0<strong>3 kpl yhteispakkauksessa (3 kpl n. 390g).<\/strong><\/p>","protected":false},"featured_media":11435,"comment_status":"closed","ping_status":"closed","template":"","meta":{"content-type":""},"product_brand":[],"product_cat":[723],"product_tag":[444,763,442,446,445,736,291,450,735,762,738,759],"class_list":{"0":"post-11095","1":"product","2":"type-product","3":"status-publish","4":"has-post-thumbnail","6":"product_cat-mini-desery-do-kawiarni","7":"product_tag-cukiernia-jacek-placek","8":"product_tag-deser-biala-czekolada","9":"product_tag-deser-jednoporcjowy","10":"product_tag-jacek-placek-gdansk","11":"product_tag-jacek-placek-gowino","12":"product_tag-tort-biala-czekolada","13":"product_tag-tort-malinowy","14":"product_tag-tort-mini","15":"product_tag-tort-owocowy","16":"product_tag-tort-z-biala-czekolada","17":"product_tag-tort-z-malinami","18":"product_tag-tort-z-owocami","20":"entry","21":"has-media","23":"first","24":"instock","25":"shipping-taxable","26":"product-type-simple","27":"has-product-nav","28":"col","29":"span_1_of_4","30":"owp-content-center","31":"owp-thumbs-layout-horizontal","32":"owp-btn-normal","33":"owp-tabs-layout-horizontal","34":"has-no-thumbnails"},"acf":[],"_links":{"self":[{"href":"https:\/\/jacekplacek.com.pl\/fi\/wp-json\/wp\/v2\/product\/11095","targetHints":{"allow":["GET"]}}],"collection":[{"href":"https:\/\/jacekplacek.com.pl\/fi\/wp-json\/wp\/v2\/product"}],"about":[{"href":"https:\/\/jacekplacek.com.pl\/fi\/wp-json\/wp\/v2\/types\/product"}],"replies":[{"embeddable":true,"href":"https:\/\/jacekplacek.com.pl\/fi\/wp-json\/wp\/v2\/comments?post=11095"}],"wp:featuredmedia":[{"embeddable":true,"href":"https:\/\/jacekplacek.com.pl\/fi\/wp-json\/wp\/v2\/media\/11435"}],"wp:attachment":[{"href":"https:\/\/jacekplacek.com.pl\/fi\/wp-json\/wp\/v2\/media?parent=11095"}],"wp:term":[{"taxonomy":"product_brand","embeddable":true,"href":"https:\/\/jacekplacek.com.pl\/fi\/wp-json\/wp\/v2\/product_brand?post=11095"},{"taxonomy":"product_cat","embeddable":true,"href":"https:\/\/jacekplacek.com.pl\/fi\/wp-json\/wp\/v2\/product_cat?post=11095"},{"taxonomy":"product_tag","embeddable":true,"href":"https:\/\/jacekplacek.com.pl\/fi\/wp-json\/wp\/v2\/product_tag?post=11095"}],"curies":[{"name":"wp","href":"https:\/\/api.w.org\/{rel}","templated":true}]}}

<p><b>Iloa aisteille – kakkumme valkosuklaalla ja vadelmilla!</b></p>
<p><span style="font-weight: 400;">Tämä on herkkä kermavaahto, jossa yhdistyvät kermainen valkoinen suklaa ja mehukkaat vadelmat. Tämä on makuyhdistelmä, joka ilahduttaa sekä makeisten että hedelmien ystävää. Kutsumme sinut lämpimästi nauttimaan valkosuklaa-vadelman kakun mausta.</span></p>
<p><span style="font-weight: 400;">Suosittelemme tilaamaan kakun lahjaksi valitun kanssa </span><b>onnittelukortti</b><span style="font-weight: 400;"> ja yhteensopivuus </span><b>kynttilät</b><span style="font-weight: 400;">.</span></p>
<p>Jälkiruoka ei vain tyylikkäille pöydille - täydellinen nimipäivien, syntymäpäivien tai muiden juhlien viettoon kotona tai työpaikalla...</p>
<p>Tuote saatavilla osoitteessa <strong>3 kpl yhteispakkauksessa (3 kpl n. 390g).</strong></p>

<p><span style="font-weight: 400;">Herkkä kermavaahto, jossa yhdistyvät kermainen valkoinen suklaa ja mehukkaat vadelmat - makuyhdistelmä, joka ilahduttaa! </span></p>
<p>Tuote saatavilla osoitteessa <strong>3 kpl yhteispakkauksessa (3 kpl n. 390g).</strong></p>
