{"id":10992,"date":"2023-10-26T12:14:45","date_gmt":"2023-10-26T10:14:45","guid":{"rendered":"https:\/\/jacekplacek.com.pl\/?post_type=product&#038;p=10992"},"modified":"2025-11-18T18:30:48","modified_gmt":"2025-11-18T17:30:48","slug":"slany-karamelovy-kolac","status":"publish","type":"product","link":"https:\/\/jacekplacek.com.pl\/cs\/obchod\/torty_i_desery\/kolace-2\/slany-karamelovy-kolac\/","title":{"rendered":"Slan\u00fd karamelov\u00fd kol\u00e1\u010d"},"content":{"rendered":"<p><span style=\"font-weight: 400;\"><strong>P\u0159edstavujeme Slan\u00fd karamelov\u00fd dort, kter\u00fd kombinuje jedine\u010dnou kr\u00e9movou p\u011bnu s jemn\u00fdm slan\u00fdm karamelem.<\/strong> <\/span>Je to kombinace chut\u00ed, kter\u00e1 vytv\u00e1\u0159\u00ed neobvykl\u00fd a p\u0159ekvapiv\u00fd kontrast. Vnit\u0159ek dortu zdob\u00ed k\u0159upav\u00e9 karamelov\u00e9 ara\u0161\u00eddy a francouzsk\u00e9 zdoben\u00ed &quot;Dulce de Leche&quot; a karamelov\u00fd popcorn jsou jedine\u010dn\u00fdm zavr\u0161en\u00edm tohoto lahodn\u00e9ho dortu. Je to sladk\u00fd i slan\u00fd r\u00e1j pro gurm\u00e1ny.<\/p>\n<p><strong>Vychutnejte si s n\u00e1mi chu\u0165 slan\u00e9ho karamelov\u00e9ho dortu!<\/strong><\/p>\n<p><span style=\"font-weight: 400;\">Doporu\u010dujeme v\u00e1m objednat si dort ve form\u011b d\u00e1rku s vyvolen\u00fdm <\/span><b>blahop\u0159\u00e1n\u00ed<\/b><span style=\"font-weight: 400;\"> a sp\u00e1rov\u00e1n\u00ed <\/span><b>sv\u00ed\u010dky<\/b><span style=\"font-weight: 400;\">.<\/span><\/p>","protected":false},"excerpt":{"rendered":"<p><span data-sheets-root=\"1\">Kr\u00e9mov\u00fd pudink se slan\u00fdm karamelem, vrstvou karamelizovan\u00fdch o\u0159ech\u016f a ozdobou Dulce de Leche a popcorn.<\/span><\/p>","protected":false},"featured_media":11007,"comment_status":"closed","ping_status":"closed","template":"","meta":{"content-type":""},"product_brand":[],"product_cat":[123],"product_tag":[166,176,730,733,760,731,732,734],"class_list":{"0":"post-10992","1":"product","2":"type-product","3":"status-publish","4":"has-post-thumbnail","6":"product_cat-torty","7":"product_tag-tort","8":"product_tag-tort-czekoladowy","9":"product_tag-tort-na-urodziny","10":"product_tag-tort-naturalny","11":"product_tag-tort-slony-karmel","12":"product_tag-tort-urodzinowy","13":"product_tag-torty-naturalne","14":"product_tag-zdrowy-sklad","16":"entry","17":"has-media","19":"first","20":"instock","21":"shipping-taxable","22":"product-type-variable","23":"has-default-attributes","24":"has-product-nav","25":"col","26":"span_1_of_4","27":"owp-content-center","28":"owp-thumbs-layout-horizontal","29":"owp-btn-normal","30":"owp-tabs-layout-horizontal"},"acf":[],"_links":{"self":[{"href":"https:\/\/jacekplacek.com.pl\/cs\/wp-json\/wp\/v2\/product\/10992","targetHints":{"allow":["GET"]}}],"collection":[{"href":"https:\/\/jacekplacek.com.pl\/cs\/wp-json\/wp\/v2\/product"}],"about":[{"href":"https:\/\/jacekplacek.com.pl\/cs\/wp-json\/wp\/v2\/types\/product"}],"replies":[{"embeddable":true,"href":"https:\/\/jacekplacek.com.pl\/cs\/wp-json\/wp\/v2\/comments?post=10992"}],"wp:featuredmedia":[{"embeddable":true,"href":"https:\/\/jacekplacek.com.pl\/cs\/wp-json\/wp\/v2\/media\/11007"}],"wp:attachment":[{"href":"https:\/\/jacekplacek.com.pl\/cs\/wp-json\/wp\/v2\/media?parent=10992"}],"wp:term":[{"taxonomy":"product_brand","embeddable":true,"href":"https:\/\/jacekplacek.com.pl\/cs\/wp-json\/wp\/v2\/product_brand?post=10992"},{"taxonomy":"product_cat","embeddable":true,"href":"https:\/\/jacekplacek.com.pl\/cs\/wp-json\/wp\/v2\/product_cat?post=10992"},{"taxonomy":"product_tag","embeddable":true,"href":"https:\/\/jacekplacek.com.pl\/cs\/wp-json\/wp\/v2\/product_tag?post=10992"}],"curies":[{"name":"wp","href":"https:\/\/api.w.org\/{rel}","templated":true}]}}

Slaný karamelový koláč

<p><span style="font-weight: 400;"><strong>Představujeme Slaný karamelový dort, který kombinuje jedinečnou krémovou pěnu s jemným slaným karamelem.</strong> </span>Je to kombinace chutí, která vytváří neobvyklý a překvapivý kontrast. Vnitřek dortu zdobí křupavé karamelové arašídy a francouzské zdobení &quot;Dulce de Leche&quot; a karamelový popcorn jsou jedinečným završením tohoto lahodného dortu. Je to sladký i slaný ráj pro gurmány.</p>
<p><strong>Vychutnejte si s námi chuť slaného karamelového dortu!</strong></p>
<p><span style="font-weight: 400;">Doporučujeme vám objednat si dort ve formě dárku s vyvoleným </span><b>blahopřání</b><span style="font-weight: 400;"> a spárování </span><b>svíčky</b><span style="font-weight: 400;">.</span></p>

<p><span data-sheets-root="1">Krémový pudink se slaným karamelem, vrstvou karamelizovaných ořechů a ozdobou Dulce de Leche a popcorn.</span></p>
